+ 140. Let r(t) be the second derivative of t**5/20 - t**4/12 - t**3/2 - 2*t**2 + t. Calculate r(m).
5
Let z(a) = a**2 + 7*a + 2. Let u be 0 + (-6 + 5 + 3)*-2. Let l = 16 + -27. Let r be l - -1 - (0 + u). Give z(r).
-4
Let t(j) = j - 4. Suppose 2*d - 4*v - 12 = 0, -4*d - 3*v = 2*v - 89. Suppose 0 = 12*u - d*u + 24. Determine t(u).
2
Let c be 1 + 1 - (-5 - 4/(-2)). Let k(p) = -p**3 - p**2. Let b(a) = -a**3 - 8*a**2 + 7*a. Let u(l) = b(l) - 2*k(l). Calculate u(c).
10
Suppose -3*z = -5*g - 29, z + 5*g = -26 + 9. Let a(x) = 7*x. Let m(n) = -12*n - 1. Let o(r) = z*m(r) + 5*a(r). Determine o(-8).
5
Suppose 3*f - 36 = -3*f. Let h = -25 + 48. Let y(a) = -h*a**2 + 5*a + 1 + 7*a**2 + 9*a**2 + a**3. Determine y(f).
-5
Let f(y) = 4*y**3 + 2*y**2 - y. Let x be f(1). Suppose 0 = 3*h - 4*h. Suppose -2*k + 2*b = h, x*k - 9 + 3 = 3*b. Let a(c) = -c. Give a(k).
-3
Let o(c) = -2*c**2 + 2*c**2 - 2*c**2 + c**2 - c + 6. Let h = 677 - 677. Calculate o(h).
6
Let u(n) = -4*n**2 + 16*n - 20. Let j(b) = -b**2 + b - 1. Let t(s) = 3*j(s) - u(s). What is t(12)?
5
Suppose -2*x = 2*t - 0*t - 6, 2*x - 9 = -3*t. Suppose -3*b - 4*k + 21 = x, 0 = -5*b - k - 0*k + 18. Let c = -5 + b. Let d(p) = -p**3 - 2*p**2 - 1. What is d(c)?
-1
Let p(b) = 3*b**3 + 3*b**2 + 3*b + 1. Let m(d) = -16*d**3 - 15*d**2 - 16*d - 5. Let v(l) = 2*m(l) + 11*p(l). What is v(-3)?
-2
Let x(j) = -j**3 - 23*j**2 + 5*j + 3. Let o(s) = -s**3 - 27*s**2 + 6*s + 4. Let z(p) = 4*o(p) - 5*x(p). Calculate z(-7).
8
Let z = 22 + -22. Let w(f) = f**3 - 8*f**2 + 2*f**2 - 3*f + 2*f**2 + z*f**2. Determine w(5).
10
Let o(w) be the third derivative of 0*w + 0 - 8*w**2 + 7/6*w**3 + 1/24*w**4. Determine o(-3).
4
Let b(r) = -r**3 - 3*r**2 + 5*r - 2. Let u be b(-4). Suppose -4*l + 28 + 0 = 0. Let a(t) = 1 - 1 + l*t + 12 - 9 + t**2. Determine a(u).
-3
Let n(h) = h**2 - 6*h + 1. Let v(j) = -6*j**3 - 3*j**2 - 7*j - 5. Let z be v(-1). Give n(z).
-4
Let h(g) = 8*g - 1. Let x(t) be the second derivative of -t**4/12 + 5*t**3/2 + 17*t**2/2 + 9*t. Let s be x(16). What is h(s)?
7
Let c(a) = -2*a**3 - a**2 + a + 1. Suppose -8 = d + 2*b - 12, 4*d + 3*b = 26. Let h(k) = 11*k - 86. Let g be h(d). Calculate c(g).
-17
Let z be 9/2*-1*2. Let d(b) be the first derivative of -1/2*b**2 - 6*b - 48. Give d(z).
3
Suppose 3*k = 5*p + 18, 2*k - 12 = 5*p + 5. Let t(g) = 9*g + 3 - 3 - 4*g - k. Give t(1).
4
Let q(b) be the third derivative of -b**5/30 + b**4/12 + b**3/3 - 115*b**2. Give q(3).
-10
Let n(f) = 0*f**3 + 5*f**3 - f**3. Let k be 4*(19/4 - 5). Calculate n(k).
-4
Let z(d) = -d**3 + 7*d**2 - 10*d - 9. Let r(o) = -o**3. Let s(g) = 2*r(g) - z(g). Let m = -86 - -78. Give s(m).
-7
Suppose -7*k + 748 = 685. Let s(g) = -g**2 + 8*g + 14. Determine s(k).
5
Let x(k) = k**2 - 1095 + 1096 + 15*k**3 + k + 0*k**2. Give x(-1).
-14
Let r(d) = -d**2 - 4*d + 2. Let l = -57 - -63. Let j(b) = -b**2 - 4*b + 2. Let p(h) = l*j(h) - 5*r(h). Suppose -4*m + 0 = 20. Calculate p(m).
-3
Suppose -12*g + 7*g = 25. Let t(y) = y**3 + 5*y**2 + 3*y - 11. Let x(m) = -2*m**3 - 10*m**2 - 7*m + 23. Let o(n) = 9*t(n) + 4*x(n). What is o(g)?
-2
Let v(x) be the first derivative of -x**4/12 - 4*x**3/3 - 3*x**2 - 2*x + 7. Let i(p) be the first derivative of v(p). What is i(-4)?
10
Let u(s) = -47*s + 25 + 24 - 49 + 48*s. Let g(z) be the second derivative of z**5/20 - 5*z**4/12 - z**3/6 - z**2 + z. Let w(n) = -g(n) - 2*u(n). Calculate w(4).
14
Let d(h) be the third derivative of h**8/20160 + h**7/1260 + h**6/180 + 13*h**5/30 + 27*h**2. Let f(g) be the third derivative of d(g). What is f(-4)?
4
Let z(p) be the first derivative of -p**7/840 + p**6/45 - 3*p**5/40 + p**4/12 - 5*p**3 + 11. Let b(o) be the third derivative of z(o). What is b(6)?
20
Suppose -15*f + 11*f = 5*i + 14, 0 = 2*f + 5*i + 12. Let l(r) = 44*r**3 + r**2. Give l(f).
-43
Let y(n) = -3 + 3*n**3 + 0*n**3 - 2*n**2 - 4*n**3. Let z = 5 + -1. Let b = z - 7. Determine y(b).
6
Let c(g) = 4*g + g**3 + 8*g**2 + g + 0*g**3 + g - 5. Calculate c(-7).
2
Let a(p) = -p**2 - 6*p - 5. Let t be a(-1). Suppose 2*v + 30 - 20 = t. Let i(m) be the third derivative of -m**4/12 - 7*m**3/6 + m**2. What is i(v)?
3
Let i(b) = -126*b**2 + b**3 - 108*b**2 - 6*b + 233*b**2 + 5. Give i(3).
5
Suppose 23*b = 22*b - 2. Let i(g) = 9*g**3 - 5*g**2 + 2. Let a(u) = -5*u**3 + 3*u**2 - 1. Let c(j) = -5*a(j) - 3*i(j). Give c(b).
15
Let w(r) = -3*r. Let c be 314/(-4) - (-1)/2. Let i = 76 + c. What is w(i)?
6
Let a(v) = -2*v + 10 - 31 + 9 + 5 + 6. Calculate a(4).
-9
Suppose -r - 4*p - 16 = 6, 3*r + 5*p + 31 = 0. Let x(b) = b. What is x(r)?
-2
Let o(i) = -2*i - 6. Suppose 5*s = 3*m + 5 + 23, 0 = -3*s + 4*m + 19. Suppose -s*b - 2 = 3*z - 10, 5*z + 5*b = 0. Determine o(z).
2
Let u be (-120)/72 - (-1)/(-3). Let k(g) = 6*g + 4. Calculate k(u).
-8
Suppose 0 = d - 5. Let v(q) = -4*q**2 + 7 - d*q**3 + 4*q**3 - 11. Calculate v(-3).
-13
Suppose -2*t - 5*d + 41 = 0, -8*t + 6*t + 2*d = -20. Let j(y) = -3*y + 27. Determine j(t).
-12
Let i(c) = -16*c - 15*c - 7*c + 60*c - 14*c - c**2 - 3. Let g be ((-8)/6)/(4/(-18)). Calculate i(g).
9
Let p(t) = -3 - 3*t + 2 + 2*t + t - 2*t. Calculate p(-5).
9
Let z be 18/108 + (-53)/(-6). Let d(h) = h**2 - 7*h + 21. Let o be d(z). Let c be 28/6 + 13/o. Let w(i) = i**3 - 5*i**2 + i + 7. Determine w(c).
12
Let z be ((-1)/(-2))/(4/16). Let t(q) = -z - q - q**3 + 2*q**3 + 4*q**2 + 5*q - 3*q. What is t(-3)?
4
Let v = -1026 - -1021. Let k(b) = b**2 + 2*b - 7. Give k(v).
8
Let f(x) be the third derivative of -x**5/10 - 153*x**2. What is f(-1)?
-6
Let f = 69 - 67. Suppose 0 = 3*z + f*z - 30. Let s(h) = -11*h**3 - h**2 - h - 12. Let l(p) = 5*p**3 + p**2 + 6. Let x(q) = 13*l(q) + 6*s(q). Calculate x(z).
6
Suppose -5*d - 78 = 2*j, -195 = 5*j + 4*d - 5*d. Let s be (-1)/2 + j/26. Let b(t) = -t**3 - 3*t**2 - 3*t - 2. Determine b(s).
0
Let l(p) be the second derivative of -p**5/20 + p**4/4 + p**3/6 - p**2 + 8*p. Determine l(3).
1
Let q(c) = -4*c**2 + 39*c**2 + c**3 - 32*c**2 + 8 - 2*c. Calculate q(-4).
0
Let o(u) be the first derivative of -u**2/2 - 21. What is o(0)?
0
Let u(s) = -9*s - 21. Let a(r) = r + 2. Let g(o) = 5*a(o) + u(o). Give g(-9).
25
Let l(p) be the second derivative of -5*p**3/3 - 8*p**2 + 2*p + 117. What is l(-5)?
34
Let m(q) = 2*q**3 + 4*q**2 - 2*q - 4. Let p(i) = i**3 - i**2 + i - 1. Let j(d) = -m(d) + 3*p(d). Suppose 0 = 28*l - 22*l - 36. Calculate j(l).
-5
Let i(n) be the third derivative of n**5/30 - 7*n**4/24 - n**3 + 31*n**2 + n. Give i(-1).
3
Let q(o) be the second derivative of -o**5/20 - o**4/3 + 7*o**3/3 + 4*o**2 - 9*o. Let l be q(-6). Let y be 2/(0 - l/8). Let h(k) = k**2 - 3*k. Determine h(y).
4
Let j(z) = z - 2. Suppose 3*d - 3*o + 349 = 7*d, -3*d + 246 = -3*o. Let x be (-2)/(-5) + d/(-25). Let u = x - -5. Determine j(u).
0
Let z(t) = t**3 + 5*t**2 + 6. Let x(p) = -6*p + 1. Suppose -a = -4 + 3. Let l be x(a). Let y = l - 0. Give z(y).
6
Let j(i) = i**2 - 2*i - 9*i + 27 - 12. Let t = 17 - 7. Let a be j(t). Let p(u) = u - 6. Calculate p(a).
-1
Let p(x) = x**2 - 1. Let q(l) = 4*l**2 + 9*l - 15. Let v(k) = 5*p(k) - q(k). Let w be v(8). Let y(u) = 0*u**2 - 8*u**2 - 3*u + u**3 + 10*u**2. What is y(w)?
10
Let r(s) = 0 - 10*s - 8*s - s**2 + 6*s - 10. Let l be r(-11). Let g(q) = 2 - l + 4 + q**2 - 5*q. What is g(5)?
5
Let i(f) = f**2 + 4*f - 3. Let k(r) = -2*r**3 - 29*r**2 + 14*r + 5. Let a be k(-15). Suppose -3*o = -8*o - a. Determine i(o).
-3
Let o(u) = u**2 - 3*u - 4. Let b = 75 - 72. Suppose -s + 18 = 5*c, c = s + b*c - 9. Determine o(s).
-4
Let q(z) be the second derivative of -z**5/30 - 11*z**3/6 - 10*z. Let m(r) be the second derivative of q(r). Determine m(-1).
4
Let o(r) = r + 9. Let c = -34 - -35. Suppose c = -k + t, -2*k - 11 = 3*t - 2*t. Determine o(k).
5
Let w(j) be the first derivative of -1/4*j**4 - 4/3*j**3 + 0*j + j**2 - 15. Determine w(-4).
-8
Let m(j) = -2*j + 0 + 3*j**2 + 1 + 8*j - 7 + 3. Determine m(-3).
6
Let v(w) = -16*w**2 + 9*w - 4. Let h(b) = 15*b + 9*b + 1 - 41*b + 3*b**2 + 15*b. Let o(g) = -11*h(g) - 2*v(g). Give o(4).
-3
Let d(o) = -o - 1 - o + 4*o**2 + 0*o**2. Let f = -344 + 346. Calculate d(f).
11
Let j(a) = 12*a**3 + a**2. Suppose -4*c + 13 = 5. Suppose -5*x + 28 = 3*y, c*y - x + 5 = 2. Suppose -4*v - 3*d = -y, 3*d + 3 = v + d. Give j(v).
13
Suppose -2*v + 10 = 2*g, 2 = g - 5*v + 3. Let j be 2/(g/(33 - 1)). 